are the prime factors of 5596679010?
2, 3, 5, 13, 23, 623933
What are the prime factors of 52612573?
13, 419, 743
List the prime factors of 152604935.
5, 7, 4360141
What are the prime factors of 7249941234?
2, 3, 134258171
What are the prime factors of 49473917?
167, 296251
List the prime factors of 48194543.
53, 909331
What are the prime factors of 243170256?
2, 3, 7, 723721
What are the prime factors of 41050291?
17, 131, 18433
List the prime factors of 336562462.
2, 43, 719, 5443
List the prime factors of 245162114.
2, 29, 4226933
What are the prime factors of 16396138?
2, 11, 47, 101, 157
What are the prime factors of 77222005?
5, 7, 677, 3259
What are the prime factors of 269086152?
2, 3, 11211923
What are the prime factors of 2512902144?
2, 3, 53, 7717
What are the prime factors of 461340240?
2, 3, 5, 857, 2243
What are the prime factors of 60447345?
3, 5, 7, 575689
What are the prime factors of 168185701?
19, 8851879
What are the prime factors of 1088634575?
5, 7, 53, 117373
List the prime factors of 471844027.
17, 1321, 21011
List the prime factors of 12760098.
2, 3, 13, 17, 9623
What are the prime factors of 61636978?
2, 13, 1123, 2111
List the prime factors of 345405985.
5, 4787, 14431
List the prime factors of 105966284.
2, 1637, 16183
What are the prime factors of 125654771?
11, 19, 601219
List the prime factors of 261222953.
261222953
List the prime factors of 28518945.
3, 5, 7, 13, 17, 1229
List the prime factors of 3879794609.
29, 7079, 18899
List the prime factors of 420100387.
7, 60014341
List the prime factors of 228646914.
2, 3, 41, 929459
List the prime factors of 233911051.
11, 101, 173, 1217
List the prime factors of 70463074.
2, 11, 757, 4231
What are the prime factors of 795705932?
2, 7, 307, 92567
List the prime factors of 582533.
7, 83219
What are the prime factors of 392883838?
2, 17, 23, 502409
What are the prime factors of 4150576674?
2, 3, 47, 1635373
What are the prime factors of 108642239?
47, 2311537
What are the prime factors of 278365533?
3, 92788511
List the prime factors of 132835040.
2, 5, 13, 63863
What are the prime factors of 500940531?
3, 7, 13, 67961
What are the prime factors of 356137413?
3, 101, 1175371
What are the prime factors of 1718066224?
2, 7, 977, 2243
List the prime factors of 87806839.
179, 490541
List the prime factors of 963415254.
2, 3, 19, 1543, 5477
What are the prime factors of 599267064?
2, 3, 11, 499, 4549
What are the prime factors of 1407628369?
7, 201089767
List the prime factors of 621235711.
521, 1192391
What are the prime factors of 290555403?
3, 73, 173, 7669
What are the prime factors of 65961334?
2, 1087, 30341
List the prime factors of 229770166.
2, 569, 201907
List the prime factors of 1022087600.
2, 5, 17, 29, 71, 73
List the prime factors of 38475989.
233, 165133
List the prime factors of 99621230.
2, 5, 421, 23663
What are the prime factors of 1080526410?
2, 3, 5, 307, 39107
List the prime factors of 33795932.
2, 17, 496999
What are the prime factors of 5435242628?
2, 257, 5287201
List the prime factors of 222125872.
2, 13882867
List the prime factors of 370706767.
167, 2219801
What are the prime factors of 2513546833?
7, 503, 713873
List the prime factors of 108156124.
2, 1993, 13567
List the prime factors of 671386345.
5, 7, 19182467
List the prime factors of 13294666.
2, 7, 11, 131, 659
List the prime factors of 719106083.
719106083
What are the prime factors of 115994269?
157, 397, 1861
List the prime factors of 313405656.
2, 3, 2551, 5119
List the prime factors of 327267318.
2, 3, 7, 61, 127739
List the prime factors of 238116346.
2, 13, 563, 16267
List the prime factors of 167547939.
3, 13, 23, 151, 1237
List the prime factors of 10353075.
3, 5, 138041
List the prime factors of 1976346365.
5, 7, 56467039
List the prime factors of 195461772.
2, 3, 11, 1480771
List the prime factors of 6190312367.
6190312367
List the prime factors of 3509948.
2, 13, 67499
What are the prime factors of 30769383?
3, 10256461
What are the prime factors of 86214458?
2, 11, 59, 127, 523
List the prime factors of 201815086.
2, 11, 47, 71, 2749
List the prime factors of 447787395.
3, 5, 11, 17, 127, 419
List the prime factors of 1251132654.
2, 3, 208522109
What are the prime factors of 4575610799?
19, 240821621
What are the prime factors of 633045251?
61, 1657, 6263
What are the prime factors of 451451909?
3797, 118897
List the prime factors of 980225978.
2, 37, 13246297
What are the prime factors of 96807405?
3, 5, 43, 150089
List the prime factors of 116932929.
3, 38977643
What are the prime factors of 38986944?
2, 3, 203057
What are the prime factors of 4101697230?
2, 3, 5, 136723241
List the prime factors of 8786141.
7, 13, 1061
What are the prime factors of 470785793?
47, 10016719
What are the prime factors of 664569?
3, 41, 1801
What are the prime factors of 586858680?
2, 3, 5, 73, 137, 163
List the prime factors of 1469117377.
7, 13, 499, 32353
List the prime factors of 690600810.
2, 3, 5, 3307, 6961
What are the prime factors of 5871234057?
3, 13, 31, 4856273
What are the prime factors of 2222848433?
13, 170988341
What are the prime factors of 736336841?
887, 830143
What are the prime factors of 1680917007?
3, 7, 11, 17, 428041
What are the prime factors of 5019879541?
79, 163, 349, 1117
What are the prime factors of 82280652?
2, 3, 617, 11113
List the prime factors of 2032904872.
2, 29, 8762521
List the prime factors of 2503087870.
2, 5, 31, 260467
List the prime factors of 1022582408.
2, 67, 1907803
List the prime factors of 271630563.
3, 503, 180007
List the prime factors of 379812686.
2, 11, 2039, 8467
List the prime factors of 769778978.
2, 89, 4324601
What are the prime factors of 37829041?
37829041
List the prime factors of 521257295.
5, 13, 37, 193, 1123
What are the prime factors of 1657751135?
5, 541, 612847
List the prime factors of 29414110.
2, 5, 11, 267401
What are the prime factors of 32472796?
2, 8118199
List the prime factors of 135601815.
3, 5, 47, 192343
List the prime factors of 4460347696.
2, 7, 127, 44797
List the prime factors of 4169850257.
19, 67, 3275609
List the prime factors of 853794517.
2593, 329269
What are the prime factors of 745831535?
5, 8677, 17191
What are the prime factors of 230945312?
2, 13, 173, 3209
List the prime factors of 29644678.
2, 7, 2117477
What are the prime factors of 39416747?
3733, 10559
What are the prime factors of 7454035349?
587, 12698527
What are the prime factors of 16109112?
2, 3, 19, 35327
List the prime factors of 1991904726.
2, 3, 7, 47426303
List the prime factors of 5269490939.
149, 541, 65371
List the prime factors of 96070718.
2, 48035359
What are the prime factors of 463325592?
2, 3, 19305233
List the prime factors of 50062399.
17, 2944847
List the prime factors of 2781721281.
3, 263, 1033, 3413
What are the prime factors of 77528039?
127, 610457
What are the prime factors of 777338160?
2, 3, 5, 83, 39023
List the prime factors of 590131625.
5, 17, 331, 839
What are the prime factors of 1200423639?
3, 400141213
What are the prime factors of 60213748?
2, 7, 41, 59, 127
List the prime factors of 38571062.
2, 17, 1134443
What are the prime factors of 214897760?
2, 5, 7, 11, 17443
What are the prime factors of 45946892?
2, 1823, 6301
What are the prime factors of 1041486777?
3, 839, 137927
What are the prime factors of 1245770678?
2, 622885339
What are the prime factors of 51536773?
51536773
List the prime factors of 452539306.
2, 23, 67, 146833
List the prime factors of 34137817.
7, 83, 58757
List the prime factors of 1186298534.
2, 29, 43, 131, 3631
What are the prime factors of 70459599?
3, 7, 479317
List the prime factors of 4737292756.
2, 7, 479, 50459
List the prime factors of 225877161.
3, 75292387
List the prime factors of 5622346424.
2, 47, 53, 307, 919
What are the prime factors of 217263916?
2, 137, 449, 883
List the prime factors of 861883033.
11, 59, 1328017
List the prime factors of 507369300.
2, 3, 5, 1691231
What are the prime factors of 102912410?
2, 5, 2207, 4663
List the prime factors of 371731676.
2, 92932919
What are the prime factors of 65613928?
2, 317, 25873
List the prime factors of 634723676.
2, 158680919
What are the prime factors of 2251170141?
3, 11, 17, 19, 211199
What are the pri